 -79) + -19 + 0.
28
Calculate 732 + -708 + 2 + -5.
21
-52 - (-3 - (66 - 26))
-9
What is 35 + -13 + (4 + 4 - 3)?
27
-9 - (-4 - 14) - 13
-4
What is 13 - (5 + (-3 - 0))?
11
Calculate -5 + 0 + (6 + -11 - 3) + 14.
1
Calculate -8 + 25 + -21 + 14.
10
What is the value of -7 + 6 + 58 + -67?
-10
What is (1 - -13) + (-38 - -28)?
4
Evaluate -34 - (-5 + 11 + -5 + -6).
-29
Evaluate 17 + 27 + -19 + -10.
15
(-3 + 10 - ((5 - -3) + -2)) + -16
-15
Evaluate -14 - (7 - 20) - 13.
-14
What is (10 - -6) + 2 - 8?
10
Evaluate -52 + 40 - (-13 + 6).
-5
Calculate (17 - (18 + -12)) + -27.
-16
What is -25 - (1 - (17 - 11))?
-20
What is the value of -2 + -12 + 10 + (2 - 2)?
-4
What is -1 + 7 + 3 + (-19 - -6 - -11)?
7
Evaluate 15 + (-1 - 0) + -1 + 3 + -8.
8
What is -3 + 2 + (-14 - -12) - (3 + 9)?
-15
Evaluate 27 + 8 + -20 + -7.
8
What is the value of (-3 - -4) + (-20 - -21) + -13?
-11
22 - (6 + -8) - (2 - 3) - -3
28
What is the value of 11 - ((0 - (8 - -1)) + 7 - -1)?
12
Calculate 1 + -3 + (3 + 1 - 2) + -5.
-5
What is 13 + 1 + -106 + 89?
-3
Calculate -6 - (6 + (1 - (14 - 8))).
-7
Calculate 24 + -6 + -63 + 32.
-13
Calculate -5 + (-11 - -5) + 10 + 14 + 0.
13
Evaluate 1 + -5 + (-6 - 2 - -15 - -8).
11
What is the value of -25 + 21 + (-2 - 2) - -12?
4
-3343 - -3298 - (0 + -41)
-4
What is (1 - -5) + -4 + -2 - -5?
5
Evaluate (8 - 0) + (7 - 12) + (-31 - -7).
-21
-3 + (-16 + 6 - -2 - 0)
-11
Evaluate (-2 - (-3 + (12 - (6 + 0)))) + 17.
12
Calculate (-22 - 2) + 25 - -15.
16
(-2049 - -2051) + (0 - 35)
-33
Calculate 33 + -32 - -7 - 0.
8
Calculate 16 - (24 + (-5 - 7)).
4
Evaluate 4 + ((14 - 5) + -1 - 12).
0
Evaluate -6 + -6 - (0 + 2 + -7) - 2.
-9
Evaluate 17 + -8 + 17 + -11.
15
What is the value of 40 - (7 + 4) - 19?
10
Evaluate 11 - 1 - (17 - 12) - (-5 - -29).
-19
Calculate 34 - 4 - (-387 - -425).
-8
Evaluate 16 + -11 - -13 - 26.
-8
Evaluate -15 + (4 - (1 + 5 - -8)) + 7.
-18
Evaluate 0 - (-16 + -6 + -5 + 6).
21
What is the value of -532 + 531 - (0 + 22)?
-23
What is the value of -5 + 0 - -4 - -3 - -8?
10
-13 + 1 - (32 + (-15 - 11))
-18
Evaluate 1 + 4 - (-13 - -1 - (-2 - -1)).
16
(8 - 8) + (0 - 2) + 1 + 0
-1
Evaluate -1 - -3 - (10 + 19 + (-13 - 8)).
-6
Evaluate (-8 - -1 - 4) + -12 + 15.
-8
Calculate (2 - -3) + (-2 - -8) - 16.
-5
Evaluate 5 - (7 + (6 - -2)).
-10
What is (1 - 0) + -2 - (680 + -682)?
1
Calculate (37 - 28) + (4 - -5 - 0).
18
What is the value of -4 - (14 + -10 - (1 + 4))?
-3
Evaluate (10 - (11 + (11 - 11))) + 11.
10
0 + -16 + (3 - -6)
-7
What is 8 - (-8 - (-8 + 10 - 5))?
13
What is the value of 19 + (-8 - 11) + 16?
16
Calculate 1 - ((8 - (2 - 1)) + (-8 - 3)).
5
What is (-12 - -58 - 13) + -17?
16
-22 - (-62 + 5 + 28)
7
Evaluate 4 + (-5 - -2 - (-8 + 6)) + -6.
-3
Evaluate (5 - -2) + 0 - (-6 - -13) - 3.
-3
Calculate -12 - (-13 + 18 - 5).
-12
1 + (4 - -21) - (-11 - (-2 - 16))
19
What is 0 + (-25 - -87) + -27?
35
What is the value of -4 - 4 - ((-22 - -4) + 7) - 18?
-15
Evaluate 36 + -41 - (5 - 2).
-8
What is the value of 3 - (15 - 12 - 10)?
10
-4 + 13 + 2 - 4 - (-6 + -15)
28
Evaluate -8 + 2 + 1 + 14 + -11 - 14.
-16
Evaluate 5 + (4 - 2 - 5) + (9 - 7).
4
What is the value of (5 - (-13 - -17)) + 17?
18
Calculate (127 + -127 - (8 + 0)) + 0 + -4.
-12
What is 10 + (-3 - -3) - (-2 + 0 + -2)?
14
What is (21 - (-7 + 33)) + -3 + 11?
3
What is -4 + -3 - (4 - (5 - 12) - 20)?
2
Evaluate 45 + -51 - (2 + -32 + -7 + 11).
20
Evaluate (1 - -1) + (-24 - (-3 + -10)).
-9
-6 - (-28 + 17 - (-6 - 1))
-2
(11 - (18 + -18)) + -6
5
What is (15 + (-8 - 10) - 12) + -3?
-18
Calculate 12 + -6 - 10 - (-48 - -48).
-4
Calculate 19 + 2 + 8 + (2 + -13 - -6).
24
Evaluate -35 + 17 + 22 + 1 + 1.
6
What is 2 + (-48 - -60) + (0 - 0) + -7?
7
Evaluate -5 - (-16 + -7 + 7).
11
-7 + -7 + -21 + 23
-12
Evaluate -2 + -10 + -2 - 13 - -3.
-24
Evaluate (-5 + -17 - 3) + 29.
4
Evaluate -79 + 82 + (-1 - (-6 - -2)).
6
What is -3 + 1 + 19 + -1 + (-338 - -333)?
11
What is -4 + (17 - 1) + 11 + (7 - 20)?
10
(1 - 7 - (-13 - -2 - 7)) + -2
10
What is 78 + -54 + (-12 - -2) - -3?
17
-13 + (0 + 0 - 1) + (-59 - -64)
-9
Evaluate -7 + 2 + -11 + (-6 + 25 - 5).
-2
-77 - (17 - 48) - -14
-32
24 + (10 - 27) + 1 + -17
-9
What is the value of 2 - (3 + -4 - -10 - 6)?
-1
What is the value of 8 + 6 - 5 - (7 + 2)?
0
Calculate (-15 - -2) + 1 + 11.
-1
Calculate 1 - (-27 + 16) - 7.
5
What is 275 - 272 - (-2 + 12)?
-7
What is -3 + -1 + -3 + (0 - -4) + 2?
-1
Calculate 1 + 9 + -1 + -13 + -6 + -8.
-18
Evaluate -28 + 17 + -2 + 5 + 0 + 1.
-7
What is the value of 12 - 8 - (13 + -15) - -8?
14
What is the value of -2 - ((0 - -7) + -6 + -1 + 5)?
-7
What is the value of (184 + -202 - (-1 - 11)) + -6?
-12
0 + (3 - (4 - -4)) + 8
3
Evaluate -5 + -1 + 2 + 0 + -7 + -5.
-16
What is the value of -8 - (56 + -34) - -50?
20
Calculate -40 + 17 + -11 + 49.
15
Calculate -12 - (7 + (-11 - 21)).
13
What is the value of 3 - -6 - ((7 - 1) + -9 + 6)?
6
What is the value of 14 + -9 + (-13 - -1) - 3?
-10
What is the value of 9 + (0 - -1 - 4) - 8 - 2?
-4
5 - (-8 - (0 - 6)) - 4 - 6
-3
Evaluate 17 - (13 + -36 + 9 + 3).
28
0 - (0 + 0 + 9)
-9
-18 - (6 + -15) - -3
-6
Evaluate -59 + 60 - (1 - -17) - (-12 + 8).
-13
Evaluate -5 - 8 - (26 + -35) - (4 - 12).
4
-6 + -6 + 10 + 1 + 7
6
7 - (-6 - (-16 + 5)) - (-3 + 3)
2
What is the value of -4 + (12 + 9 + -16 - -4)?
5
What is (13 - 5 - 0) + -4 - 14?
-10
Evaluate (0 - -7) + (-1 - -40 - (-492 - -509)).
29
What is the value of (-8 - -12 - -5) + 0?
9
Calculate (-134 - -135) + (-2 - -2 - (-1 - -3)).
-1
What is (-5 - -2) + -58 + 30?
-31
Calculate -6 - (33 + 12 + -11).
-40
Evaluate -17 - (13 - (-12 - -27) - -2).
-17
Calculate 6 + -3 - (-1 - (-5 + 4)).
3
What is 2 - 4 - (-31 - -38) - -13?
4
1 + 0 + -5 + 16 - 4
8
What is the value of -23 + 14 + (3 - 6)?
-12
What is -6 + 12 - 4 - -10?
12
What is 1 - -13 - (-15 - (-15 + 13))?
27
Evaluate -9 + (-5 + (4 - 6) - -6).
-10
Evaluate (-20 - -11) + 5 + -7 + 5.
-6
What is the value of 14 + -12 - (8 + -4)?
-2
What is the value of -307 + 295 + -7 + (6 - 4)?
-17
(9 - 5 - 13) + -14
-23
(-14 - -7) + 38 + -8
23
Evaluate (-7 - 4) + (4 - -4) - 12.
-15
Evaluate 3 - ((-5 - -30) + -18).
-4
-11 - 0 - 4 - 7 - 9
-31
Evaluate -11 + 33 + -14 + -2.
6
What is 12 + -3 + (3 - -3 - 5 - -2)?
12
Evaluate -68 + 5 + 24 + 14.
-25
What is -8 - (-9 - (-5 - (8 + -12)))?
0
12 - -6 - (89 - 59)
-12
What is 11 + (3 - -8) + 13 + -26?
9
What is the value of (-26 - -3) + 18 + (6 - 0)?
1
What is the value of 15 + (6 + 7 + -11 + 0 - 6)?
11
(-7 - (8 + -23) - 31) + (4 - 2)
-21
-15 - (4 - (5 - (3 - 4 - 5)))
-8
What is the value of 2 - (25 + -14 + -10 - -19)?
-18
(10 - -1) + 3 + -2 + (6 - 4)
14
Evaluate -1 + 16 + -34 + -11.
-30
Calculate -2 - (2 - 6) - (23 + -7).
-14
-10 + -7 + (10 - 6 - 11)
-24
4 + 17 + (-23 - -10)
8
Calculate 12 - 6 - (5 - 3 - -2) - -7.
9
-12 - (-10 - 6 - 8)
12
-2 - ((24 - 28) + (-1 - 1))
4
Calculate -22 + 0 + 3 - (-9 - (-8 - -4)).
-14
Evaluate 54 + -40 + -21 + 35.
28
What is (19 - 28) + 1 - (2 - (-1 + 4))?
-7
(-39 - -38) + 1 + 14
14
What is the value of (-1 - (-1 - (-3 - -3)) - 3) + -6?
-9
Calculate 7 + (11 - 17) - (2 - (7 - 1)).
5
What is the value of 1 + -36 - (606 + -667)?
26
What is the value of -16 - -1 - ((23 - 63) + 38)?
-13
Calculate 0 - 0 - (-69 - -30 - -34).
5
What is 3 - -7 - (-2 + (-11 - -6))?
17
(16 - (1 + 9) - 18) + -6
-18
-33 - (-6 - (-39 + 52))
-14
What is the value of -10 - (35 - 19 - -2)?
-28
Evaluate (-2 - (0 + (-1 - -1) + 1)) + 18.
15
What is 5 - (9 + (-24 - -18))?
2
15 - (-5 + (-8 + 2 - -3 - -10))
13
What is the value of 2 + -21 + (19 - 10)?
-10
Calculate -24 - (-9 + 7) - -11.
-11
What is 1 + 1 - (0 - (-12 - -16) - -4)?
2
What is the value of -52 + 47 - (-22 + 0) - 10?
7
Calculate 2 - (-8 - (-12 + 1 + 10)).
9
-6 + (8 - 2) + (1 - -4) + 5
10
Calculate -1 + 2 + (70 - 68) + (-1 - -18).
20
What is the value of 37 + 4 + (-41 - -15)?
15
(2 - (4 + -5)) + -12 + -353 + 384
22
What is 18 + -24 + 5 - 26?
-27
What is -15 + 21 + -5 - 9 - (2 + 4)?
-14
-6 + -2 + (-72 - -62)
-18
14 + -3 - (-13 + 5 - 8 - 6)
33
-1 + 1 + -11 + -12 + 11 - 1
-13
Calculate (-4 - (-6 + 10)) + -6 + 23.
9
-3 + 8 + (-8 - 11) + 5
-9
What is -109 + 128 - (-3 + 24)?
-2
What is the value of -10 + (3 - -3) + 2 + -3 + 2?
-3
Calculate 10 + (-27 - -4) - (0 + -7).
-6
What is the value of (-5 - 2 - (-15 - 3)) + -7?
4
What is -44 + (13 - 10 - -18)?
-23
-9 + (10 - -4) - (42 - 14)
-